{"id":780,"date":"2025-05-13T06:28:18","date_gmt":"2025-05-13T04:28:18","guid":{"rendered":"https:\/\/www.alloflife.at\/pulse\/?page_id=780"},"modified":"2025-07-16T13:23:48","modified_gmt":"2025-07-16T11:23:48","slug":"780-2","status":"publish","type":"page","link":"https:\/\/www.alloflife.at\/pulse\/?page_id=780","title":{"rendered":"Kieferbalance"},"content":{"rendered":"<p>[et_pb_section fb_built=&#8221;1&#8243; _builder_version=&#8221;4.23.1&#8243; _module_preset=&#8221;dae5a8d7-025f-4465-a008-6a53eaa34690&#8243; background_image=&#8221;https:\/\/www.alloflife.at\/pulse\/wp-content\/uploads\/2025\/05\/balanced_2.jpg&#8221; background_position=&#8221;top_center&#8221; background_vertical_offset=&#8221;33%&#8221; width=&#8221;100%&#8221; min_height=&#8221;110px&#8221; height_phone=&#8221;36vh&#8221; max_height=&#8221;790px&#8221; global_colors_info=&#8221;{}&#8221;][\/et_pb_section][et_pb_section fb_built=&#8221;1&#8243; _builder_version=&#8221;4.21.0&#8243; _module_preset=&#8221;fff207df-70ba-4b5d-b16a-f8d82176f38e&#8221; custom_padding=&#8221;20px||23px||false|false&#8221; global_colors_info=&#8221;{}&#8221;][et_pb_row _builder_version=&#8221;4.21.0&#8243; _module_preset=&#8221;258aa423-766e-468e-b08b-eff568205d40&#8243; global_colors_info=&#8221;{}&#8221;][et_pb_column type=&#8221;4_4&#8243; _builder_version=&#8221;4.21.0&#8243; _module_preset=&#8221;default&#8221; global_colors_info=&#8221;{}&#8221;][et_pb_text _builder_version=&#8221;4.23.1&#8243; _module_preset=&#8221;f7b5e3c0-da15-4252-990f-39452f373601&#8243; custom_margin=&#8221;||71px|||&#8221; hover_enabled=&#8221;0&#8243; header_2_font_size_tablet=&#8221;79px&#8221; header_4_line_height_tablet=&#8221;2.1em&#8221; global_colors_info=&#8221;{}&#8221; sticky_enabled=&#8221;0&#8243;]<\/p>\n<h1>kieferbalance<\/h1>\n<h4>Belancierter Kiefer &#8211; Balancierter K\u00f6rper<\/h4>\n<p style=\"text-align: left;\">Die Kieferbalance nach RESET (Rafferty Energy System of Easing the Temporomandibular joint) ist eine energetische Behandlung, die die Kiefermuskulatur durch sanfte Ber\u00fchrungen entspannt und dadurch das Kiefergelenk ausgleicht.<\/p>\n<p style=\"text-align: left;\">Unser Kiefergelenk ist f\u00fcr den gesamten K\u00f6rper von zentraler Bedeutung und hat somit auch weitreichende Auswirkung auf unser k\u00f6rperliches aber auch emotionales Wohlbefinden. Es speichert oft unbewusste Anspannung &#8211; das klassische &#8220;Z\u00e4hne zusammenbei\u00dfen&#8221; kennst du vermutlich auch &#8211; deshalb ist es umso wichtiger unsere Kiefermuskulatur zu entspannen und das Kiefergelenk wieder in Ausgleich zu bringen.<\/p>\n<p style=\"text-align: left;\">Ein Ungleichgewicht des Kiefersystems zeigt sich oft durch:<\/p>\n<ul>\n<li style=\"text-align: left;\">Einschr\u00e4nkung der Beweglichkeit<\/li>\n<li style=\"text-align: left;\">Verspannung im Kopf-, Schulter- und Nackenbereich<\/li>\n<li style=\"text-align: left;\">chron. M\u00fcdigkeit<\/li>\n<li style=\"text-align: left;\">Ohrdruck, Tinnitus, verschwommenes Sehen, Migr\u00e4ne<\/li>\n<li style=\"text-align: left;\">Verdauungsprobleme, Schluckbeschwerden<\/li>\n<li style=\"text-align: left;\">Ger\u00e4usche (Knacken, Knirschen)<\/li>\n<li style=\"text-align: left;\">Nerven-, Zahnschmerzen<\/li>\n<li style=\"text-align: left;\">myofasziale Schmerzen (im Kiefer-, Gesichts-, Schl\u00e4fen-, Ohrbereich)<\/li>\n<\/ul>\n<p>Auch emotionale Spannungen k\u00f6nnen durch eine verspannte Kiefermuskulatur verst\u00e4rkt werden.<\/p>\n<p style=\"text-align: left;\">Ich empfehle die Kieferbalance auch, wenn du z.B. Zahnregulierung tr\u00e4gst, l\u00e4ngere Zahnbehandlungen hinter dir hast (Offenhalten, Z\u00e4hne ziehen, Lokalan\u00e4sthetikum, etc.), Autounfall, Schleudertrauma, Verdrehung des Keilbeins oder du einen Sturz auf das Stei\u00dfbein hattest, weil auch dadurch die Muskulatur rund um den Kiefer verspannt sein kann.<\/p>\n<p style=\"text-align: left;\">Die Kieferbalance wird mit gezielten ganz sanften Ber\u00fchrungen an bestimmten Punkten ausgef\u00fchrt und du bist aktiv in die Behandlung eingebunden,<\/p>\n<p style=\"text-align: left;\">Deine erste Sitzung besteht aus 2 Behandlungen mit ca. jeweils 50 Minuten im Abstand von einer Woche &#8211; dies ist wichtig um die verschiedenen tiefen Schichten zu erreichen.<\/p>\n<p style=\"text-align: left;\">Ich freue mich, wenn ich dich und deine Selbstheilungskr\u00e4fte dabei unterst\u00fctzen darf wieder alles in Balance zu bringen &#8211; auf k\u00f6rperlicher und emotionaler Ebene!<\/p>\n<p style=\"text-align: left;\">Dauer: Erstsitzung 2 Termine \u00e1 50 min mit einer Woche Abstand, Folgetermin 50 min<\/p>\n<p style=\"text-align: left;\">Deine Investition in Dich: EUR 120,- f\u00fcr die Erstsitzung (2 Termine)\u00a0 \u00a0Folgetermin: EUR 65,-<\/p>\n<p>[\/et_pb_text][et_pb_button button_url=&#8221;mailto:gabi@alloflife.at&#8221; button_text=&#8221;jetzt Termin vereinbaren&#8221; button_alignment=&#8221;center&#8221; button_alignment_tablet=&#8221;center&#8221; _builder_version=&#8221;4.21.0&#8243; _module_preset=&#8221;5c584931-5f3e-423f-95b7-06d19ff84051&#8243; button_text_color=&#8221;#FFFFFF&#8221; button_bg_color=&#8221;#9ACA3C&#8221; custom_margin=&#8221;||63px||false|false&#8221; global_colors_info=&#8221;{}&#8221; button_bg_color__hover=&#8221;RGBA(255,255,255,0)&#8221; button_text_color__hover=&#8221;#939393&#8243; button_text_color__hover_enabled=&#8221;on|hover&#8221;][\/et_pb_button][et_pb_text _builder_version=&#8221;4.23.1&#8243; _module_preset=&#8221;f7b5e3c0-da15-4252-990f-39452f373601&#8243; header_5_font=&#8221;||on||||||&#8221; header_5_font_size=&#8221;26px&#8221; header_5_line_height=&#8221;1.5em&#8221; min_height=&#8221;151.8px&#8221; custom_padding=&#8221;20px||20px||true|false&#8221; custom_padding_tablet=&#8221;10px||0px||false|false&#8221; custom_padding_phone=&#8221;10px||0px||false|false&#8221; custom_padding_last_edited=&#8221;on|phone&#8221; header_2_font_size_tablet=&#8221;79px&#8221; header_4_line_height_tablet=&#8221;2.1em&#8221; header_5_line_height_tablet=&#8221;1.5em&#8221; header_5_line_height_phone=&#8221;1.5em&#8221; header_5_line_height_last_edited=&#8221;on|desktop&#8221; global_colors_info=&#8221;{}&#8221;]<\/p>\n<h5>&#8220;Life is all about balance&#8221;<\/h5>\n<p>Sprichwort<\/p>\n<p>[\/et_pb_text][\/et_pb_column][\/et_pb_row][et_pb_row _builder_version=&#8221;4.21.0&#8243; _module_preset=&#8221;f13a1461-5b4c-4109-8aae-af8959296a16&#8243; custom_padding=&#8221;0px||0px||false|false&#8221; border_radii=&#8221;on|25px|25px|25px|25px&#8221; global_colors_info=&#8221;{}&#8221;][et_pb_column type=&#8221;4_4&#8243; _builder_version=&#8221;4.21.0&#8243; _module_preset=&#8221;default&#8221; global_colors_info=&#8221;{}&#8221;][et_pb_slider show_arrows=&#8221;off&#8221; _builder_version=&#8221;4.23.1&#8243; _module_preset=&#8221;default&#8221; max_width=&#8221;1080px&#8221; module_alignment=&#8221;center&#8221; min_height=&#8221;50vh&#8221; height=&#8221;500px&#8221; auto=&#8221;on&#8221; auto_speed=&#8221;5000&#8243; global_colors_info=&#8221;{}&#8221;][et_pb_slide _builder_version=&#8221;4.23.1&#8243; _module_preset=&#8221;default&#8221; background_color=&#8221;RGBA(255,255,255,0)&#8221; background_enable_color=&#8221;on&#8221; background_image=&#8221;https:\/\/www.alloflife.at\/pulse\/wp-content\/uploads\/2025\/07\/alloflife072025-12-von-110-scaled.jpg&#8221; background_enable_image=&#8221;on&#8221; global_colors_info=&#8221;{}&#8221; sticky_transition=&#8221;on&#8221;][\/et_pb_slide][et_pb_slide _builder_version=&#8221;4.23.1&#8243; _module_preset=&#8221;default&#8221; background_color=&#8221;RGBA(255,255,255,0)&#8221; background_enable_color=&#8221;on&#8221; background_image=&#8221;https:\/\/www.alloflife.at\/pulse\/wp-content\/uploads\/2025\/07\/alloflife072025-2-von-110-scaled.jpg&#8221; background_enable_image=&#8221;on&#8221; global_colors_info=&#8221;{}&#8221; sticky_transition=&#8221;on&#8221;][\/et_pb_slide][et_pb_slide _builder_version=&#8221;4.23.1&#8243; _module_preset=&#8221;default&#8221; background_color=&#8221;RGBA(255,255,255,0)&#8221; background_enable_color=&#8221;on&#8221; background_image=&#8221;https:\/\/www.alloflife.at\/pulse\/wp-content\/uploads\/2025\/07\/alloflife072025-8-von-110-scaled.jpg&#8221; background_enable_image=&#8221;on&#8221; global_colors_info=&#8221;{}&#8221; sticky_transition=&#8221;on&#8221;][\/et_pb_slide][et_pb_slide _builder_version=&#8221;4.23.1&#8243; _module_preset=&#8221;default&#8221; background_color=&#8221;RGBA(255,255,255,0)&#8221; background_enable_color=&#8221;on&#8221; background_image=&#8221;https:\/\/www.alloflife.at\/pulse\/wp-content\/uploads\/2025\/07\/alloflife072025-4-von-110-scaled.jpg&#8221; background_enable_image=&#8221;on&#8221; global_colors_info=&#8221;{}&#8221; sticky_transition=&#8221;on&#8221;][\/et_pb_slide][\/et_pb_slider][\/et_pb_column][\/et_pb_row][\/et_pb_section][et_pb_section fb_built=&#8221;1&#8243; _builder_version=&#8221;4.21.0&#8243; _module_preset=&#8221;fff207df-70ba-4b5d-b16a-f8d82176f38e&#8221; custom_margin=&#8221;0px||0px||false|false&#8221; custom_padding=&#8221;0px||0px||false|false&#8221; global_colors_info=&#8221;{}&#8221;][\/et_pb_section]<\/p>\n","protected":false},"excerpt":{"rendered":"<p>kieferbalance Belancierter Kiefer &#8211; Balancierter K\u00f6rper Die Kieferbalance nach RESET (Rafferty Energy System of Easing the Temporomandibular joint) ist eine energetische Behandlung, die die Kiefermuskulatur durch sanfte Ber\u00fchrungen entspannt und dadurch das Kiefergelenk ausgleicht. Unser Kiefergelenk ist f\u00fcr den gesamten K\u00f6rper von zentraler Bedeutung und hat somit auch weitreichende Auswirkung auf unser k\u00f6rperliches aber auch [&hellip;]<\/p>\n","protected":false},"author":1,"featured_media":0,"parent":0,"menu_order":0,"comment_status":"closed","ping_status":"closed","template":"","meta":{"_et_pb_use_builder":"on","_et_pb_old_content":"","_et_gb_content_width":"","footnotes":""},"class_list":["post-780","page","type-page","status-publish","hentry"],"_links":{"self":[{"href":"https:\/\/www.alloflife.at\/pulse\/index.php?rest_route=\/wp\/v2\/pages\/780","targetHints":{"allow":["GET"]}}],"collection":[{"href":"https:\/\/www.alloflife.at\/pulse\/index.php?rest_route=\/wp\/v2\/pages"}],"about":[{"href":"https:\/\/www.alloflife.at\/pulse\/index.php?rest_route=\/wp\/v2\/types\/page"}],"author":[{"embeddable":true,"href":"https:\/\/www.alloflife.at\/pulse\/index.php?rest_route=\/wp\/v2\/users\/1"}],"replies":[{"embeddable":true,"href":"https:\/\/www.alloflife.at\/pulse\/index.php?rest_route=%2Fwp%2Fv2%2Fcomments&post=780"}],"version-history":[{"count":9,"href":"https:\/\/www.alloflife.at\/pulse\/index.php?rest_route=\/wp\/v2\/pages\/780\/revisions"}],"predecessor-version":[{"id":858,"href":"https:\/\/www.alloflife.at\/pulse\/index.php?rest_route=\/wp\/v2\/pages\/780\/revisions\/858"}],"wp:attachment":[{"href":"https:\/\/www.alloflife.at\/pulse\/index.php?rest_route=%2Fwp%2Fv2%2Fmedia&parent=780"}],"curies":[{"name":"wp","href":"https:\/\/api.w.org\/{rel}","templated":true}]}}