{"id":224,"date":"2023-08-28T16:37:13","date_gmt":"2023-08-28T14:37:13","guid":{"rendered":"https:\/\/www.alloflife.at\/seeds\/?page_id=224"},"modified":"2024-01-15T18:21:36","modified_gmt":"2024-01-15T17:21:36","slug":"gsunde-shots","status":"publish","type":"page","link":"https:\/\/www.alloflife.at\/seeds\/gsunde-shots\/","title":{"rendered":"g\u00b4sunde shots"},"content":{"rendered":"<p>[et_pb_section fb_built=&#8220;1&#8243; _builder_version=&#8220;4.21.0&#8243; _module_preset=&#8220;4c6eb534-2e98-458f-afbb-81ed982f9245&#8243; background_image=&#8220;https:\/\/www.alloflife.at\/seeds\/wp-content\/uploads\/2023\/08\/DSC06029-Bearbeitet.jpg&#8220; background_position=&#8220;top_center&#8220; background_vertical_offset=&#8220;35%&#8220; height=&#8220;55vh&#8220; height_tablet=&#8220;55vh&#8220; height_phone=&#8220;55vh&#8220; height_last_edited=&#8220;on|phone&#8220; global_colors_info=&#8220;{}&#8220;][\/et_pb_section][et_pb_section fb_built=&#8220;1&#8243; _builder_version=&#8220;4.21.0&#8243; _module_preset=&#8220;df738318-f6ba-4873-8b5a-727c6c119adc&#8220; custom_padding=&#8220;20px||23px||false|false&#8220; global_colors_info=&#8220;{}&#8220;][et_pb_row _builder_version=&#8220;4.21.0&#8243; _module_preset=&#8220;0a30a36d-ba70-4f2a-a856-811c434e463d&#8220; global_colors_info=&#8220;{}&#8220;][et_pb_column type=&#8220;4_4&#8243; _builder_version=&#8220;4.21.0&#8243; _module_preset=&#8220;default&#8220; global_colors_info=&#8220;{}&#8220;][et_pb_text _builder_version=&#8220;4.21.0&#8243; _module_preset=&#8220;7fa355e4-3602-47ef-98a9-89168c11ee2b&#8220; custom_margin=&#8220;||-1px|||&#8220; global_colors_info=&#8220;{}&#8220;]<\/p>\n<h1>g\u00b4sunde shots<\/h1>\n<h4>erfrischende Geschmacksexplosion mit benefits<\/h4>\n<p style=\"text-align: left;\">\n<p>[\/et_pb_text][\/et_pb_column][\/et_pb_row][et_pb_row column_structure=&#8220;1_2,1_2&#8243; use_custom_gutter=&#8220;on&#8220; gutter_width=&#8220;4&#8243; _builder_version=&#8220;4.21.0&#8243; _module_preset=&#8220;e9cabd9a-e930-4e79-9265-6014df6f2f40&#8243; custom_margin=&#8220;|auto|12px|auto||&#8220; global_colors_info=&#8220;{}&#8220;][et_pb_column type=&#8220;1_2&#8243; _builder_version=&#8220;4.21.0&#8243; _module_preset=&#8220;default&#8220; global_colors_info=&#8220;{}&#8220;][et_pb_text _builder_version=&#8220;4.21.0&#8243; _module_preset=&#8220;default&#8220; global_colors_info=&#8220;{}&#8220;]<\/p>\n<p style=\"text-align: left;\">ich war schon lange auf der Suche nach geschmackvollen, gesunden Ingwershots \u2013 hab einiges ausprobiert und nichts was auf dem Markt ist, hat mich wirklich \u00fcberzeugt. \u201eNot macht erfinderisch\u201c \u2013 unter diesem Motto habe ich einige Monate lang herum get\u00fcftelt bis ich die f\u00fcr mich perfekte Kombination aus Bio Zutaten und handmade with love Qualit\u00e4t gefunden hatte. Probier\u00b4s mal aus und schick mir dein feedback!<\/p>\n<p>[\/et_pb_text][\/et_pb_column][et_pb_column type=&#8220;1_2&#8243; _builder_version=&#8220;4.21.0&#8243; _module_preset=&#8220;default&#8220; global_colors_info=&#8220;{}&#8220;][et_pb_text module_class=&#8220;pa-bullet-list-1&#8243; _builder_version=&#8220;4.21.0&#8243; _module_preset=&#8220;default&#8220; width_tablet=&#8220;62%&#8220; width_phone=&#8220;77%&#8220; width_last_edited=&#8220;on|phone&#8220; custom_margin=&#8220;0px||||false|false&#8220; custom_margin_tablet=&#8220;50px||||false|false&#8220; custom_margin_phone=&#8220;50px||||false|false&#8220; custom_margin_last_edited=&#8220;on|phone&#8220; global_colors_info=&#8220;{}&#8220;]<\/p>\n<ul>\n<li style=\"text-align: left;\"><strong>in liebevoller Handarbeit frisch zubereitet<\/strong><br \/>auf Bestellung bereite ich Dir Deine g\u00b4sunden shots immer frisch zu<\/li>\n<li style=\"text-align: left;\"><strong>vegan mit Bio Zutaten<\/strong><br \/>ausgew\u00e4hlte qualitativ hochwertige Bio Zutaten und nat\u00fcrlich vegan<\/li>\n<li style=\"text-align: left;\"><strong>deckt den t\u00e4glichen Bedarf an Vitaminen und Spurenelementen<\/strong><br \/>ein 50ml shot ist deine Tagesdosis zur Unterst\u00fctzung Deines Immunsystems<\/li>\n<\/ul>\n<p>[\/et_pb_text][\/et_pb_column][\/et_pb_row][et_pb_row disabled_on=&#8220;off|off|on&#8220; _builder_version=&#8220;4.21.0&#8243; _module_preset=&#8220;e9cabd9a-e930-4e79-9265-6014df6f2f40&#8243; width=&#8220;50%&#8220; width_tablet=&#8220;61%&#8220; width_phone=&#8220;100%&#8220; custom_margin=&#8220;|auto|-3px|auto|false|false&#8220; custom_padding=&#8220;||0px|||&#8220; global_colors_info=&#8220;{}&#8220;][et_pb_column type=&#8220;4_4&#8243; _builder_version=&#8220;4.21.0&#8243; _module_preset=&#8220;default&#8220; custom_padding=&#8220;6%|4%||11%|false|false&#8220; custom_padding_tablet=&#8220;0%|0%|26px|0%|false|false&#8220; custom_padding_phone=&#8220;0%|0%|26px|0%|false|false&#8220; custom_padding_last_edited=&#8220;on|tablet&#8220; global_colors_info=&#8220;{}&#8220;][et_pb_image src=&#8220;https:\/\/www.alloflife.at\/seeds\/wp-content\/uploads\/2023\/08\/buttons_seedsoflife_Zeichenflaeche-1.png&#8220; title_text=&#8220;vegan seeds of life&#8220; disabled_on=&#8220;off|off|off&#8220; _builder_version=&#8220;4.21.0&#8243; _module_preset=&#8220;default&#8220; transform_scale_tablet=&#8220;&#8220; transform_scale_phone=&#8220;&#8220; transform_scale_last_edited=&#8220;on|phone&#8220; transform_translate=&#8220;321px|-170px&#8220; transform_translate_tablet=&#8220;2px|300px&#8220; transform_translate_phone=&#8220;-7px|300px&#8220; transform_translate_last_edited=&#8220;on|tablet&#8220; transform_translate_linked=&#8220;off&#8220; transform_rotate_tablet=&#8220;&#8220; transform_rotate_phone=&#8220;&#8220; transform_rotate_last_edited=&#8220;on|desktop&#8220; transform_skew_tablet=&#8220;&#8220; transform_skew_phone=&#8220;&#8220; transform_skew_last_edited=&#8220;on|desktop&#8220; transform_origin_tablet=&#8220;&#8220; transform_origin_phone=&#8220;&#8220; transform_origin_last_edited=&#8220;on|desktop&#8220; transform_styles_last_edited=&#8220;on|tablet&#8220; positioning=&#8220;relative&#8220; vertical_offset=&#8220;-213px&#8220; horizontal_offset=&#8220;34px&#8220; z_index=&#8220;246&#8243; vertical_offset_tablet=&#8220;-213px&#8220; vertical_offset_phone=&#8220;-217px&#8220; vertical_offset_last_edited=&#8220;on|phone&#8220; width=&#8220;20%&#8220; width_tablet=&#8220;15%&#8220; width_phone=&#8220;17%&#8220; width_last_edited=&#8220;on|tablet&#8220; transform_styles_tablet=&#8220;&#8220; transform_styles_phone=&#8220;&#8220; global_colors_info=&#8220;{}&#8220;][\/et_pb_image][et_pb_image src=&#8220;https:\/\/www.alloflife.at\/seeds\/wp-content\/uploads\/2023\/08\/home_shots.jpg&#8220; title_text=&#8220;home_shots&#8220; align=&#8220;center&#8220; _builder_version=&#8220;4.21.0&#8243; _module_preset=&#8220;default&#8220; global_colors_info=&#8220;{}&#8220;][\/et_pb_image][et_pb_text _builder_version=&#8220;4.21.0&#8243; _module_preset=&#8220;default&#8220; header_4_text_align=&#8220;left&#8220; global_colors_info=&#8220;{}&#8220;]<\/p>\n<h4 style=\"text-align: center;\">[g\u00b4sunde shots]<\/h4>\n<p style=\"text-align: center;\">erh\u00e4ltlich in verschiedenen Sorten \u2013 auch je nach Saison mit anderen Zutaten oder als special erh\u00e4ltlich (Sommeredition)<\/p>\n<p>[\/et_pb_text][\/et_pb_column][\/et_pb_row][et_pb_row column_structure=&#8220;2_5,3_5&#8243; use_custom_gutter=&#8220;on&#8220; gutter_width=&#8220;1&#8243; disabled_on=&#8220;on|on|off&#8220; _builder_version=&#8220;4.21.0&#8243; _module_preset=&#8220;default&#8220; width=&#8220;65%&#8220; custom_margin=&#8220;|auto|-3px|auto|false|false&#8220; global_colors_info=&#8220;{}&#8220;][et_pb_column type=&#8220;2_5&#8243; _builder_version=&#8220;4.21.0&#8243; _module_preset=&#8220;default&#8220; custom_padding=&#8220;6%|4%||11%|false|false&#8220; custom_padding_tablet=&#8220;0%|0%|26px|0%|false|false&#8220; custom_padding_phone=&#8220;0%|0%|26px|0%|false|false&#8220; custom_padding_last_edited=&#8220;on|tablet&#8220; global_colors_info=&#8220;{}&#8220;][et_pb_text _builder_version=&#8220;4.21.0&#8243; _module_preset=&#8220;default&#8220; header_4_text_align=&#8220;left&#8220; text_orientation=&#8220;left&#8220; global_colors_info=&#8220;{}&#8220;]<\/p>\n<h4>[g\u00b4sunde shots]<\/h4>\n<p>erh\u00e4ltlich in verschiedenen Sorten \u2013 auch je nach Saison mit anderen Zutaten oder als special erh\u00e4ltlich (Sommeredition)[\/et_pb_text][et_pb_image src=&#8220;https:\/\/www.alloflife.at\/seeds\/wp-content\/uploads\/2023\/08\/buttons_seedsoflife_Zeichenflaeche-1.png&#8220; title_text=&#8220;vegan seeds of life&#8220; disabled_on=&#8220;on|on|off&#8220; _builder_version=&#8220;4.23.1&#8243; _module_preset=&#8220;default&#8220; transform_scale_tablet=&#8220;&#8220; transform_scale_phone=&#8220;&#8220; transform_scale_last_edited=&#8220;on|desktop&#8220; transform_translate=&#8220;321px|14px&#8220; transform_translate_tablet=&#8220;321px|-170px&#8220; transform_translate_phone=&#8220;321px|-170px&#8220; transform_translate_last_edited=&#8220;on|tablet&#8220; transform_translate_linked=&#8220;off&#8220; transform_rotate_tablet=&#8220;&#8220; transform_rotate_phone=&#8220;&#8220; transform_rotate_last_edited=&#8220;on|desktop&#8220; transform_skew_tablet=&#8220;&#8220; transform_skew_phone=&#8220;&#8220; transform_skew_last_edited=&#8220;on|desktop&#8220; transform_origin_tablet=&#8220;&#8220; transform_origin_phone=&#8220;&#8220; transform_origin_last_edited=&#8220;on|desktop&#8220; transform_styles_last_edited=&#8220;on|tablet&#8220; positioning=&#8220;relative&#8220; vertical_offset=&#8220;-213px&#8220; horizontal_offset=&#8220;34px&#8220; z_index=&#8220;139&#8243; vertical_offset_tablet=&#8220;-213px&#8220; vertical_offset_phone=&#8220;-217px&#8220; vertical_offset_last_edited=&#8220;on|phone&#8220; width=&#8220;35%&#8220; width_tablet=&#8220;15%&#8220; width_phone=&#8220;22%&#8220; width_last_edited=&#8220;on|tablet&#8220; transform_styles_tablet=&#8220;&#8220; transform_styles_phone=&#8220;&#8220; global_colors_info=&#8220;{}&#8220;][\/et_pb_image][\/et_pb_column][et_pb_column type=&#8220;3_5&#8243; _builder_version=&#8220;4.21.0&#8243; _module_preset=&#8220;default&#8220; global_colors_info=&#8220;{}&#8220;][et_pb_image src=&#8220;https:\/\/www.alloflife.at\/seeds\/wp-content\/uploads\/2023\/08\/home_shots.jpg&#8220; title_text=&#8220;home_shots&#8220; align=&#8220;center&#8220; _builder_version=&#8220;4.23.1&#8243; _module_preset=&#8220;default&#8220; z_index=&#8220;-1&#8243; global_colors_info=&#8220;{}&#8220;][\/et_pb_image][\/et_pb_column][\/et_pb_row][et_pb_row _builder_version=&#8220;4.21.0&#8243; _module_preset=&#8220;e9cabd9a-e930-4e79-9265-6014df6f2f40&#8243; width=&#8220;25%&#8220; width_tablet=&#8220;46%&#8220; width_phone=&#8220;90%&#8220; global_colors_info=&#8220;{}&#8220;][et_pb_column type=&#8220;4_4&#8243; _builder_version=&#8220;4.21.0&#8243; _module_preset=&#8220;default&#8220; custom_css_main_element=&#8220;display: grid;||grid-template-columns: repeat(2,1fr);||gap: 20px;&#8220; global_colors_info=&#8220;{}&#8220;][et_pb_button button_url=&#8220;https:\/\/www.alloflife.at\/seeds\/?page_id=352&#8243; button_text=&#8220;zur Preisliste&#8220; button_alignment=&#8220;center&#8220; _builder_version=&#8220;4.21.0&#8243; _module_preset=&#8220;5fdd9bd3-fdcd-413a-b85e-b69f2319c382&#8243; global_colors_info=&#8220;{}&#8220;][\/et_pb_button][et_pb_button button_url=&#8220;mailto:erich@alloflife.at&#8220; button_text=&#8220;jetzt bestellen&#8220; button_alignment=&#8220;center&#8220; _builder_version=&#8220;4.21.0&#8243; _module_preset=&#8220;5fdd9bd3-fdcd-413a-b85e-b69f2319c382&#8243; button_text_color=&#8220;#FFFFFF&#8220; button_bg_color=&#8220;#542A7E&#8220; global_colors_info=&#8220;{}&#8220; button_bg_color__hover=&#8220;#FFFFFF&#8220; button_text_color__hover=&#8220;#939393&#8243;][\/et_pb_button][\/et_pb_column][\/et_pb_row][\/et_pb_section][et_pb_section fb_built=&#8220;1&#8243; _builder_version=&#8220;4.21.0&#8243; _module_preset=&#8220;df738318-f6ba-4873-8b5a-727c6c119adc&#8220; custom_margin=&#8220;0px||0px||false|false&#8220; custom_padding=&#8220;0px||0px||false|false&#8220; global_colors_info=&#8220;{}&#8220;][et_pb_row _builder_version=&#8220;4.21.0&#8243; _module_preset=&#8220;0a30a36d-ba70-4f2a-a856-811c434e463d&#8220; width=&#8220;100%&#8220; max_width=&#8220;2000px&#8220; custom_padding=&#8220;0px||0px||false|false&#8220; global_colors_info=&#8220;{}&#8220;][et_pb_column type=&#8220;4_4&#8243; _builder_version=&#8220;4.21.0&#8243; _module_preset=&#8220;default&#8220; global_colors_info=&#8220;{}&#8220;][et_pb_slider show_arrows=&#8220;off&#8220; _builder_version=&#8220;4.23.1&#8243; _module_preset=&#8220;default&#8220; background_image=&#8220;https:\/\/www.alloflife.at\/seeds\/wp-content\/uploads\/2023\/08\/DSC06354-Bearbeitet_web-scaled-1.jpg&#8220; background_position=&#8220;top_center&#8220; background_vertical_offset=&#8220;70%&#8220; max_width=&#8220;2000%&#8220; module_alignment=&#8220;center&#8220; min_height=&#8220;50vh&#8220; height=&#8220;500px&#8220; auto=&#8220;on&#8220; auto_speed=&#8220;5000&#8243; global_colors_info=&#8220;{}&#8220;][et_pb_slide _builder_version=&#8220;4.23.1&#8243; _module_preset=&#8220;default&#8220; background_color=&#8220;RGBA(255,255,255,0)&#8220; background_enable_color=&#8220;on&#8220; background_image=&#8220;https:\/\/www.alloflife.at\/seeds\/wp-content\/uploads\/2023\/12\/DSC05649-Bearbeitet.jpg&#8220; background_enable_image=&#8220;on&#8220; background_position=&#8220;top_center&#8220; background_vertical_offset=&#8220;30%&#8220; global_colors_info=&#8220;{}&#8220; sticky_transition=&#8220;on&#8220;][\/et_pb_slide][et_pb_slide _builder_version=&#8220;4.23.1&#8243; _module_preset=&#8220;default&#8220; background_color=&#8220;RGBA(255,255,255,0)&#8220; background_enable_color=&#8220;on&#8220; background_image=&#8220;https:\/\/www.alloflife.at\/seeds\/wp-content\/uploads\/2023\/08\/DSC06043.jpg&#8220; background_enable_image=&#8220;on&#8220; background_position=&#8220;center_right&#8220; global_colors_info=&#8220;{}&#8220; sticky_transition=&#8220;on&#8220;][\/et_pb_slide][et_pb_slide _builder_version=&#8220;4.21.0&#8243; _module_preset=&#8220;default&#8220; background_color=&#8220;RGBA(255,255,255,0)&#8220; background_enable_color=&#8220;on&#8220; background_image=&#8220;https:\/\/www.alloflife.at\/seeds\/wp-content\/uploads\/2023\/10\/DSC05665-Bearbeitet.jpg&#8220; background_enable_image=&#8220;on&#8220; background_position=&#8220;top_center&#8220; background_vertical_offset=&#8220;26%&#8220; global_colors_info=&#8220;{}&#8220; sticky_transition=&#8220;on&#8220;][\/et_pb_slide][\/et_pb_slider][\/et_pb_column][\/et_pb_row][et_pb_row _builder_version=&#8220;4.21.0&#8243; _module_preset=&#8220;e9cabd9a-e930-4e79-9265-6014df6f2f40&#8243; global_colors_info=&#8220;{}&#8220;][et_pb_column type=&#8220;4_4&#8243; _builder_version=&#8220;4.21.0&#8243; _module_preset=&#8220;default&#8220; global_colors_info=&#8220;{}&#8220;][et_pb_text _builder_version=&#8220;4.21.0&#8243; _module_preset=&#8220;7fa355e4-3602-47ef-98a9-89168c11ee2b&#8220; custom_margin=&#8220;47px||14px|||&#8220; global_colors_info=&#8220;{}&#8220;]<\/p>\n<h2>unsere sorten<\/h2>\n<p>[\/et_pb_text][\/et_pb_column][\/et_pb_row][et_pb_row column_structure=&#8220;1_3,2_3&#8243; _builder_version=&#8220;4.21.0&#8243; _module_preset=&#8220;739f9d7d-17d7-48a4-95e0-5ac3e219e76e&#8220; global_colors_info=&#8220;{}&#8220;][et_pb_column type=&#8220;1_3&#8243; _builder_version=&#8220;4.21.0&#8243; _module_preset=&#8220;default&#8220; custom_padding=&#8220;0px||0px||false|false&#8220; global_colors_info=&#8220;{}&#8220;][et_pb_image src=&#8220;https:\/\/www.alloflife.at\/seeds\/wp-content\/uploads\/2023\/08\/ertschinga.png&#8220; title_text=&#8220;ertschinga&#8220; align=&#8220;center&#8220; _builder_version=&#8220;4.21.0&#8243; _module_preset=&#8220;default&#8220; width=&#8220;51%&#8220; width_tablet=&#8220;9%&#8220; width_phone=&#8220;19%&#8220; width_last_edited=&#8220;on|phone&#8220; global_colors_info=&#8220;{}&#8220;][\/et_pb_image][\/et_pb_column][et_pb_column type=&#8220;2_3&#8243; _builder_version=&#8220;4.21.0&#8243; _module_preset=&#8220;default&#8220; custom_padding=&#8220;0px||0px||false|false&#8220; global_colors_info=&#8220;{}&#8220;][et_pb_text _builder_version=&#8220;4.21.0&#8243; _module_preset=&#8220;d70c465d-d061-4a82-887c-ca84b4af45c4&#8243; header_4_text_align=&#8220;left&#8220; text_orientation=&#8220;left&#8220; max_width=&#8220;100%&#8220; max_width_tablet=&#8220;100%&#8220; max_width_phone=&#8220;90%&#8220; max_width_last_edited=&#8220;on|phone&#8220; custom_padding=&#8220;2vh||||false|false&#8220; custom_padding_tablet=&#8220;0vh||||false|false&#8220; custom_padding_phone=&#8220;0vh||||false|false&#8220; custom_padding_last_edited=&#8220;on|phone&#8220; header_4_text_align_tablet=&#8220;center&#8220; header_4_text_align_phone=&#8220;center&#8220; header_4_text_align_last_edited=&#8220;on|desktop&#8220; text_orientation_tablet=&#8220;center&#8220; text_orientation_phone=&#8220;center&#8220; text_orientation_last_edited=&#8220;on|tablet&#8220; global_colors_info=&#8220;{}&#8220;]<\/p>\n<h4>[ertschinga]<\/h4>\n<p>gefiltertes Wasser, Bio Ingwer, Bio Ahornsirup, Bio Ananas, Bio Cranberrysaft, Bio Kurkuma, Bio Zitronensaft &amp; ganz viel Liebe \u2764<\/p>\n<p>Wenn Du mit einem erfrischenden Kick mit angenehmer Ingwersch\u00e4rfe den Tag beginnen willst, oder zwischendurch einen Booster f\u00fcr Dein Immunsystem m\u00f6chtest, dann bist Du bei mir genau richtig!<\/p>\n<p>[\/et_pb_text][\/et_pb_column][\/et_pb_row][et_pb_row column_structure=&#8220;1_3,2_3&#8243; _builder_version=&#8220;4.21.0&#8243; _module_preset=&#8220;739f9d7d-17d7-48a4-95e0-5ac3e219e76e&#8220; global_colors_info=&#8220;{}&#8220;][et_pb_column type=&#8220;1_3&#8243; _builder_version=&#8220;4.21.0&#8243; _module_preset=&#8220;default&#8220; custom_padding=&#8220;0px||0px||false|false&#8220; global_colors_info=&#8220;{}&#8220;][et_pb_image src=&#8220;https:\/\/www.alloflife.at\/seeds\/wp-content\/uploads\/2023\/08\/ertschinga_power.png&#8220; title_text=&#8220;ertschinga_power&#8220; align=&#8220;center&#8220; _builder_version=&#8220;4.21.0&#8243; _module_preset=&#8220;default&#8220; width=&#8220;55%&#8220; width_tablet=&#8220;9%&#8220; width_phone=&#8220;19%&#8220; width_last_edited=&#8220;on|phone&#8220; global_colors_info=&#8220;{}&#8220;][\/et_pb_image][\/et_pb_column][et_pb_column type=&#8220;2_3&#8243; _builder_version=&#8220;4.21.0&#8243; _module_preset=&#8220;default&#8220; custom_padding=&#8220;0px||0px||false|false&#8220; global_colors_info=&#8220;{}&#8220;][et_pb_text _builder_version=&#8220;4.23.1&#8243; _module_preset=&#8220;d70c465d-d061-4a82-887c-ca84b4af45c4&#8243; header_4_text_align=&#8220;left&#8220; text_orientation=&#8220;left&#8220; max_width=&#8220;100%&#8220; max_width_tablet=&#8220;100%&#8220; max_width_phone=&#8220;90%&#8220; max_width_last_edited=&#8220;on|phone&#8220; custom_padding=&#8220;2vh||||false|false&#8220; custom_padding_tablet=&#8220;0vh||||false|false&#8220; custom_padding_phone=&#8220;0vh||||false|false&#8220; custom_padding_last_edited=&#8220;on|phone&#8220; hover_enabled=&#8220;0&#8243; header_4_text_align_tablet=&#8220;center&#8220; header_4_text_align_phone=&#8220;center&#8220; header_4_text_align_last_edited=&#8220;on|desktop&#8220; text_orientation_tablet=&#8220;center&#8220; text_orientation_phone=&#8220;center&#8220; text_orientation_last_edited=&#8220;on|tablet&#8220; global_colors_info=&#8220;{}&#8220; sticky_enabled=&#8220;0&#8243;]<\/p>\n<h4>power [ertschinga]<\/h4>\n<p>Bio Zutaten: gefiltertes Wasser, Bio Ingwer, Bio Ahornsirup, Bio Ananas, Bio Cranberrysaft, Bio Kurkuma, Bio Zitronensaft, Bio Guarana &amp; ganz viel Liebe \u2764<\/p>\n<p>Wenn Du mit extra Power in den Tag starten m\u00f6chtest, dann greif zum Power Ertschinga \u2013 mit zus\u00e4tzlichen Guarana (nat\u00fcrliches Koffein)\u00a0 \u2013 I have the power!<\/p>\n<p>[\/et_pb_text][\/et_pb_column][\/et_pb_row][et_pb_row column_structure=&#8220;1_3,2_3&#8243; _builder_version=&#8220;4.21.0&#8243; _module_preset=&#8220;739f9d7d-17d7-48a4-95e0-5ac3e219e76e&#8220; global_colors_info=&#8220;{}&#8220;][et_pb_column type=&#8220;1_3&#8243; _builder_version=&#8220;4.21.0&#8243; _module_preset=&#8220;default&#8220; custom_padding=&#8220;0px||0px||false|false&#8220; global_colors_info=&#8220;{}&#8220;][et_pb_image src=&#8220;https:\/\/www.alloflife.at\/seeds\/wp-content\/uploads\/2023\/08\/sanddorn.png&#8220; title_text=&#8220;sanddorn&#8220; align=&#8220;center&#8220; _builder_version=&#8220;4.21.0&#8243; _module_preset=&#8220;default&#8220; width=&#8220;38%&#8220; width_tablet=&#8220;9%&#8220; width_phone=&#8220;19%&#8220; width_last_edited=&#8220;on|phone&#8220; custom_padding=&#8220;3vh||||false|false&#8220; global_colors_info=&#8220;{}&#8220;][\/et_pb_image][\/et_pb_column][et_pb_column type=&#8220;2_3&#8243; _builder_version=&#8220;4.21.0&#8243; _module_preset=&#8220;default&#8220; custom_padding=&#8220;0px||0px||false|false&#8220; global_colors_info=&#8220;{}&#8220;][et_pb_text _builder_version=&#8220;4.23.1&#8243; _module_preset=&#8220;d70c465d-d061-4a82-887c-ca84b4af45c4&#8243; header_4_text_align=&#8220;left&#8220; text_orientation=&#8220;left&#8220; max_width=&#8220;100%&#8220; max_width_tablet=&#8220;100%&#8220; max_width_phone=&#8220;90%&#8220; max_width_last_edited=&#8220;on|phone&#8220; custom_padding=&#8220;2vh||||false|false&#8220; custom_padding_tablet=&#8220;0vh||||false|false&#8220; custom_padding_phone=&#8220;0vh||||false|false&#8220; custom_padding_last_edited=&#8220;on|phone&#8220; hover_enabled=&#8220;0&#8243; header_4_text_align_tablet=&#8220;center&#8220; header_4_text_align_phone=&#8220;center&#8220; header_4_text_align_last_edited=&#8220;on|desktop&#8220; text_orientation_tablet=&#8220;center&#8220; text_orientation_phone=&#8220;center&#8220; text_orientation_last_edited=&#8220;on|tablet&#8220; global_colors_info=&#8220;{}&#8220; sticky_enabled=&#8220;0&#8243;]<\/p>\n<h4>[erelito]<\/h4>\n<p>Bio Zutaten: gefiltertes Wasser, Bio Sanddorn, Bio Karotte, Bio Agavendicksaft, Bio Acerola, Bio Kurkuma &amp; ganz viel Liebe \u2764<\/p>\n<p>Wenn Du keine Ingwersch\u00e4rfe brauchst, habe ich Erelito ins Leben gerufen. Sanddorn meets Acerola und gibt Dir damit den nat\u00fcrlichen Vitamin C Kick, den du brauchst um fit durch den Tag zu kommen!<\/p>\n<p>[\/et_pb_text][\/et_pb_column][\/et_pb_row][\/et_pb_section]<\/p>\n","protected":false},"excerpt":{"rendered":"<p>Erfrischende Geschmacksexplosion mit benefits.<br \/>\nG\u00b4sunde Shots in liebevoller Handarbeit frisch zubereitet, vegan mit Bio Zutaten. \u00dcberzeug dich selbst von ertschinga, erelito &#038; co.<\/p>\n","protected":false},"author":1,"featured_media":0,"parent":0,"menu_order":0,"comment_status":"closed","ping_status":"closed","template":"","meta":{"_et_pb_use_builder":"on","_et_pb_old_content":"","_et_gb_content_width":"","footnotes":""},"class_list":["post-224","page","type-page","status-publish","hentry"],"_links":{"self":[{"href":"https:\/\/www.alloflife.at\/seeds\/wp-json\/wp\/v2\/pages\/224","targetHints":{"allow":["GET"]}}],"collection":[{"href":"https:\/\/www.alloflife.at\/seeds\/wp-json\/wp\/v2\/pages"}],"about":[{"href":"https:\/\/www.alloflife.at\/seeds\/wp-json\/wp\/v2\/types\/page"}],"author":[{"embeddable":true,"href":"https:\/\/www.alloflife.at\/seeds\/wp-json\/wp\/v2\/users\/1"}],"replies":[{"embeddable":true,"href":"https:\/\/www.alloflife.at\/seeds\/wp-json\/wp\/v2\/comments?post=224"}],"version-history":[{"count":45,"href":"https:\/\/www.alloflife.at\/seeds\/wp-json\/wp\/v2\/pages\/224\/revisions"}],"predecessor-version":[{"id":239168,"href":"https:\/\/www.alloflife.at\/seeds\/wp-json\/wp\/v2\/pages\/224\/revisions\/239168"}],"wp:attachment":[{"href":"https:\/\/www.alloflife.at\/seeds\/wp-json\/wp\/v2\/media?parent=224"}],"curies":[{"name":"wp","href":"https:\/\/api.w.org\/{rel}","templated":true}]}}